he greatest common factor of 18 and r.
6
Let t be (-5036)/(-8) - (-4 + 2)/4. Calculate the greatest common factor of 63 and t.
63
Let d(r) = 5*r**2 - 15*r + 1. Let z be d(10). What is the highest common factor of 13 and z?
13
Suppose 2*y + 0 = 6. Let f be 4 - (-2 - (y - -178)). Suppose -6*t + t = -85. What is the highest common factor of t and f?
17
Let v(z) = -94*z - 5. Let m be v(1). Let d = m + 204. What is the highest common factor of 15 and d?
15
Let p be 20/4*(-4)/(-5). Suppose -p*v + 73 = -55. Calculate the highest common factor of 48 and v.
16
Let z = 286 - 191. Suppose z + 101 = 2*y. What is the highest common divisor of y and 14?
14
Let p(a) = -2*a**3 + 18*a**2 + 10*a - 5. Let u be p(9). What is the greatest common divisor of 5 and u?
5
Suppose -5*n + 3*d + 1111 = 0, -4*n - 675 = -7*n - d. Calculate the highest common factor of 42 and n.
14
Suppose 188 = -7*d + 3*d. Let g = d - -37. Let f = -6 - g. What is the greatest common factor of f and 28?
4
Let v = -959 - -2103. Suppose 2*d + 9*d - v = 0. What is the highest common divisor of d and 156?
52
Let z = 907 + -483. What is the highest common divisor of z and 8?
8
Suppose w - 5 = 0, 4*w - 19 - 10 = -g. Let p = -16 + g. Let t be 6920/35 - 2/p. What is the greatest common factor of t and 22?
22
Suppose -3*m + 6 = -3*p + 18, 1 = -2*p + 5*m. What is the highest common factor of 511 and p?
7
Let i(y) = 99*y**2 + 4*y + 9. Let c(h) = h**2 - h - 1. Let j(m) = 5*c(m) + i(m). Let x be j(2). Calculate the greatest common factor of x and 38.
38
Suppose -3*l = 5*z - 113, 3*l + 26 = 4*l + 4*z. Let w be l/161 - 341/(-7). Suppose 5*t - 191 = w. What is the greatest common divisor of t and 24?
24
Suppose 0*j - 10*j = 40. Let h be 2 + (-20*5)/j. What is the highest common divisor of 6 and h?
3
Let u = -2733 - -2792. Calculate the highest common divisor of u and 1003.
59
Let t = 71 - -25. Suppose -48 = -0*s - 4*s. What is the greatest common divisor of s and t?
12
Suppose -n = -13 - 15. Let l be n/49*(-14)/(-4). What is the greatest common factor of 3 and l?
1
Suppose 8*p - 2*p = -468. Let n = p + 166. Calculate the highest common factor of n and 11.
11
Let j be (-6)/(-9) - -22*3/9. Let p be (j/6)/(18/2187). Calculate the greatest common divisor of p and 108.
54
Let o = -1118 + 1278. What is the greatest common factor of o and 50?
10
Let c = 1 - -2. Let n(g) = 4*g - g**2 - 6 + 6. Let m be n(c). Calculate the highest common divisor of m and 15.
3
Let l be (-5)/((-20)/16) - -2. Suppose -40 = 4*p + 5*r + 71, -4*p - 2*r = 126. Let d = p + 64. What is the greatest common divisor of d and l?
6
Let t = 19 - 0. Let y = t + -15. Suppose y*g - 66 = -6. Calculate the highest common divisor of 60 and g.
15
Let u = -24 + 22. Let o be (-2)/(u/(-28)*4). Let h be 3*((-2184)/9)/o. Calculate the highest common factor of h and 13.
13
Suppose -2*i + 45 = 3*i. Suppose o - 1 = 3*z, 0 = -0*z - 3*z + i. Calculate the highest common factor of 25 and o.
5
Let t = -475 + 793. Let a = t - 98. Calculate the greatest common divisor of 20 and a.
20
Suppose -3*f - 5 = -s, 6*f - 25 = -5*s + 8*f. Calculate the greatest common factor of 55 and s.
5
Let q(m) = -90*m - 10. Let z be q(-3). What is the highest common divisor of z and 40?
20
Let a be 266/18 - (-10)/45. Let n = -13 + a. What is the highest common factor of n and 5?
1
Let u(b) = b**2 + 4*b - 57. Let q be u(-13). Calculate the highest common divisor of 420 and q.
60
Let h = 1 - -12. Suppose -18*v + 65 = -h*v. Calculate the greatest common factor of 104 and v.
13
Let q be 1/(-4) - 135/(-108). What is the highest common divisor of q and 9?
1
Suppose -5*t + t = -24. Let o(h) = -h**2 + 9*h - 15. Let j be o(t). Calculate the greatest common divisor of j and 1.
1
Let y be ((-6)/(-3) - 3) + -13. Let s = 17 + y. Suppose 5*i = 32 + 43. Calculate the highest common factor of s and i.
3
Let x be (20/(-3))/((-2)/3). Let o be x/(-3)*90/(-75). Calculate the greatest common factor of o and 28.
4
Let n = 27 + -23. Suppose -n*r + w = -w + 2, 0 = w - 3. Suppose 0*o = -6*o + 54. Calculate the greatest common divisor of r and o.
1
Let s = 1072 + -991. Calculate the highest common divisor of 54 and s.
27
Let f(p) = -p**3 + 2*p**2 - 3*p + 2. Let s be f(1). Suppose -4*a - 3*j = -25, 4*a + 5*j = -s*a + 31. What is the highest common factor of 16 and a?
4
Let p be 1*255*752/235. What is the highest common factor of 51 and p?
51
Suppose -4*g - 12 = 0, -2*b + 5*g - 23 + 98 = 0. Let p(s) be the first derivative of -9*s**2 - 5. Let a be p(-5). What is the highest common factor of b and a?
30
Let i(j) = 6*j + 38. Let p be i(7). What is the highest common divisor of p and 32?
16
Suppose -15*l + 22*l = 224. Calculate the highest common factor of 80 and l.
16
Let p = 94 - 91. Suppose 84 = 2*v - p*i, 0*i + 2*i = -v + 28. Calculate the highest common factor of 12 and v.
12
Suppose 3*k = 17 - 2. Suppose 181 = k*h - 139. Calculate the greatest common factor of h and 8.
8
Let o = 12 + -7. Suppose 0 = g + 5*v - 21, v - 13 - 4 = 3*g. Let y = o + g. What is the greatest common divisor of 3 and y?
1
Let k be (-4)/(-3)*15/(-10). Let o be k/9 - 228/(-54). Let l be (-1 + -13)/(3/(-6)). Calculate the greatest common divisor of l and o.
4
Let j be (-16)/(-6)*(-135)/(-36). Suppose 12*n - 50 = j*n. What is the greatest common divisor of 100 and n?
25
Suppose 0 = f + 4, -4*s - 1 = s + 4*f. Suppose 2*x = -s*z + 88, -x = 8*z - 4*z - 109. What is the greatest common factor of z and 65?
13
Let j(i) = 2*i**2 + 2*i - 1. Suppose -5*y - 13 + 18 = 0. Let w be j(y). Calculate the highest common factor of 21 and w.
3
Let h = -3 + 11. Let r(d) = h*d + 4 + 1 - 5*d**2 - 1 + d**3. Let a be r(6). Calculate the greatest common factor of a and 8.
8
Suppose -4*p + 5*x = 3*x - 3520, -p + 880 = -4*x. Let v be (p/(-25))/(3/(-15)). What is the greatest common divisor of v and 16?
16
Let p(u) = 4*u**2 + 10*u + 14. Let k be p(-3). What is the highest common divisor of k and 40?
20
Suppose 2*b = -a + 3*a - 78, 2*b - 6 = 0. What is the greatest common factor of a and 462?
42
Suppose 5*x = 20, 238 = -3*n + 5*n + 2*x. Let l = 8 - 4. Suppose l*m + 92 = 8*m. What is the highest common divisor of m and n?
23
Suppose 13*f - 3*f + 450 = 0. Let i = -20 - f. Calculate the greatest common divisor of 25 and i.
25
Suppose 29*u + 2268 = 36*u. What is the highest common factor of 48 and u?
12
Let k(x) = 3*x**2 - 18*x - 16. Let v be k(9). Suppose 49 = -w + 4*w - 2*l, 4*l = 3*w - 59. Calculate the greatest common divisor of v and w.
13
Let v = 366 - -331. What is the highest common factor of 41 and v?
41
Let z(b) = -5*b - 23. Let n be z(-13). Suppose 3*g + n = 6*s - 2*s, 5*g + 1 = -s. Suppose 0 = x + x - 12. Calculate the greatest common divisor of s and x.
3
Let q(m) = 2*m**2 - 15*m - 7. Let u be q(9). Suppose -2*a - s + 115 = 0, 4*a + 3*s = 70 + 155. What is the highest common factor of a and u?
20
Let n(u) = 3*u**2 - 72*u + 96. Let j be n(26). What is the highest common divisor of 567 and j?
63
Let q(l) = 11*l**2 - 2*l - 2. Let a be q(-1). Let r = 17 + a. Let y(t) = 2*t**2 - 2. Let u be y(-6). What is the highest common factor of r and u?
14
Let k be ((-12)/(-9))/(-1)*-9. Let v = k + -11. Let a = -1 + 8. What is the highest common divisor of a and v?
1
Let d be 278/8 - 2 - 3/(-12). Suppose 4*a - 3*a - d = 0. Calculate the greatest common divisor of 44 and a.
11
Let i be (8/6)/(8/(-12)). Let j be (9/(-1))/(i/8). What is the highest common factor of 9 and j?
9
Let y = -34 - -40. Let x(f) = -f**2 + 9*f + 12. Let r be x(y). Calculate the greatest common factor of r and 50.
10
Let p be (-8)/(-10)*50/20. Let a(d) = 0*d + 3*d**p - d + 4*d**2. Let t be a(-3). What is the highest common divisor of 6 and t?
6
Suppose -18*s = -22*s + 20. Suppose -b + 9*a = 5*a - 6, -s*a + 24 = b. Calculate the greatest common factor of b and 168.
14
Suppose 3*s = b + 1 - 218, 4*b = -4*s + 788. Suppose 0 = -2*c, -3*c + 17 = -a + b. What is the greatest common divisor of a and 37?
37
Let t = -90 + 615. Calculate the greatest common factor of 84 and t.
21
Suppose g = 4*g - 21. Suppose 4 = 4*i, 5*i = -3*y + 7*i + 103. Calculate the greatest common divisor of y and g.
7
Let q(w) = -w**3 - 2*w**2 + 3*w - 5. Let l be q(-4). Suppose -b = -z + 4*z - 310, 3*b - 195 = -2*z. Calculate the greatest co